 greatest common divisor of k and 60?
12
Suppose a - 34*k = -30*k + 376, 2*k = 4*a - 1448. What is the highest common divisor of a and 12840?
120
Suppose -185*y + 14*y + 1721 + 4435 = 0. What is the highest common factor of 1161 and y?
9
Let a = 8 - 4. Let s(n) = -2*n**2 - 43*n - 9. Suppose 2*h - 14 + 56 = 0. Let c be s(h). Calculate the highest common factor of a and c.
4
Suppose -q = -j + 184, -169*j + 174*j + 2*q - 892 = 0. What is the greatest common divisor of j and 288?
36
Let d(n) = -3*n - 7*n - 78 + 5*n - 5*n. Let h be d(-12). What is the highest common factor of h and 98?
14
Suppose -5196 = -49*o - 1058 + 1350. What is the highest common factor of 1008 and o?
112
Suppose t - 3*m - 197 - 533 = 0, -3*m = 4*t - 2980. Calculate the highest common factor of t and 106.
106
Let d(x) = -295*x - 51. Let n be d(-11). Suppose n*p - 1488 = 3188*p. Calculate the greatest common divisor of p and 31.
31
Let i(b) = 59*b**2 - 21*b + 72. Let g be i(5). Suppose 0 = 15*m - g - 1123. What is the greatest common factor of m and 9?
9
Let a be (-42)/4*8/(-12) - (-8683)/19. Let s = 28 + 1. Calculate the highest common divisor of s and a.
29
Suppose -44*m - 83850 + 287834 = 0. Calculate the greatest common divisor of 76 and m.
76
Let r = 3238 - 2956. What is the highest common divisor of r and 188?
94
Suppose -3*y + 180 = 5*c, 4*c + 4*y - 69 = 67. Suppose 0 = -i + 182 - c. What is the greatest common divisor of i and 33?
11
Let v be ((-4536)/1092)/((-6)/39). Calculate the highest common divisor of v and 1107.
27
Suppose -4*b - 4*o = 220, -230 + 25 = 4*b + o. Let a be (-4 + 5)/((b/(-315))/10). Calculate the highest common factor of a and 56.
7
Let k(o) = 6*o + 4. Let y be 3/5 - (-64)/(-40). Let c be k(y). Let i(l) = -26*l - 7. Let a be i(c). Calculate the greatest common factor of a and 9.
9
Let o(a) = 7*a - 111. Suppose 3*w = -2*h + 47, -w + 5*h - 11 + 38 = 0. Let z be o(w). Calculate the greatest common factor of 164 and z.
4
Let l be 27/45 + 6/(-10). Let z be (-477)/(-9) + l + -3. What is the highest common factor of z and 100?
50
Let i be (2286/(-63))/((-10)/175) + -8. What is the highest common factor of i and 3553?
209
Let l = 71 + -72. Let h be (12 - (l + 5))*10/8. Let j(y) = 3*y**2 + 3*y - 6. Let w be j(3). Calculate the greatest common factor of w and h.
10
Suppose -b - 232 = 18*q - 16*q, 3*b = -2*q - 708. Let c be (-2)/(-17) + (-14252)/b. What is the greatest common divisor of c and 40?
20
Let c = -45 + 51. Let p(w) = -w**2 + 9*w - 18. Let t be p(c). Suppose t = 4*h - h - 120. Calculate the greatest common divisor of 5 and h.
5
Let h = 2 + 0. Let c(k) = -k**3 + 4*k**2 - 2*k - 1. Let j be c(h). Let o = -9508 + 9514. What is the greatest common divisor of o and j?
3
Let r(c) = -12*c + 21 + 38 + 7 - 14. Let i be r(-9). Calculate the greatest common factor of i and 40.
40
Suppose 4*x - 1440 = 2*m, 2*x = -m - x - 700. Let c = 1127 + m. Calculate the greatest common divisor of c and 5.
5
Let z be 83/4 + (-1)/(-4). Let q(i) = i**2 + 15*i - 30. Let m be q(-9). Let n be (2 + -4)/(1/m). Calculate the greatest common factor of z and n.
21
Suppose 19*z - 13*z = 702. Suppose -z = -20*s + 11*s. Let f be (48/(-40))/((-2)/65). What is the greatest common divisor of f and s?
13
Let t be -32 + 2073 - (-1)/((-2)/2). What is the greatest common divisor of t and 180?
60
Suppose 0 = -t - 18 + 8. Let l be 4/20 + ((-18)/t - 0). Let q be 1 + l + (3 - 0). What is the greatest common divisor of q and 48?
6
Let h be 1922/13 - 26/(-169). Let c = 59 - h. Let w = 100 + c. What is the highest common factor of w and 176?
11
Let h = -28 + 10. Let s = -17 - h. Let y(o) = 29*o**3 + o. Let z be y(s). Calculate the highest common factor of z and 10.
10
Let q be 2/2*2/6*27. Let s be (-4)/(q/((-27)/(-6))). Let g(k) = -10*k**3 + k - 3. Let r be g(s). Calculate the highest common factor of 15 and r.
15
Let d be (2/6)/((-81)/(-972)). Calculate the greatest common factor of d and 146.
2
Let t = 19 + 11. Let l = t + -22. Let z = 52 - l. What is the greatest common divisor of z and 4?
4
Suppose -35*f - 281 = -1541. What is the highest common divisor of f and 176?
4
Suppose 0 = -5*a + 5*n - 2165, -a + 5*a + 1720 = n. Let u = -259 - a. What is the highest common factor of u and 10?
10
Let c = -162 - -172. Suppose -103*n = -104*n + c. Calculate the highest common divisor of 120 and n.
10
Let b = 9567 + -9511. Calculate the highest common factor of b and 8344.
56
Suppose -6 = -s + 47. Suppose 15*w - 4*v + 746 = 17*w, 0 = -w - 3*v + 374. What is the greatest common factor of s and w?
53
Let j be (149 - -7)/6*((-65)/26 + 3). Let v(h) = h**3 + 7*h**2 - 5*h + 5. Let m be v(-5). Suppose 37 = 3*s - m. What is the highest common factor of s and j?
13
Let a(g) = -6*g**2 - 154*g + 220. Let j be a(-24). Calculate the highest common divisor of j and 3772.
92
Suppose 0 = -3*p - 3*w + 39, 8*p - 10*p + 24 = 4*w. Suppose 8*r = p*r - 36. Let l = 55 - 37. Calculate the highest common factor of r and l.
6
Let q(a) = -a**2 - 7*a - 6. Let g be -2 - -1*(-4 - -17). Let d be q(g). Let b = d + 366. Calculate the highest common factor of 18 and b.
18
Let a(m) = -128*m**2 - 4*m - 5. Let r be a(-2). Let i = -141 - r. What is the highest common divisor of 16 and i?
16
Let p = -66 + 71. Let d(o) = 5*o - 20. Let r be d(p). Suppose 0 = r*v + 3*c - 434, 3*v - 39 - 233 = 4*c. What is the highest common factor of 8 and v?
8
Let f(y) = 11 + y + 14 - 2*y + 7*y. Let p be f(-4). Let b be (-715)/(-20) - p/(-4). What is the highest common factor of b and 90?
18
Let z(j) = -j**3 - 2*j**2 - 40*j - 424. Let c be z(-10). What is the highest common divisor of 11058 and c?
194
Let l(b) = -8*b + 17. Let x(n) = 24*n - 50. Let z(j) = 10*l(j) + 3*x(j). Let y be z(-8). Let p = 116 + -104. Calculate the greatest common factor of y and p.
12
Let i be (-111)/(-3 - (-45)/20). Suppose 9*t = -47 + 380. What is the highest common divisor of t and i?
37
Let w be -2 + (-7)/(-4) + 533/4. What is the greatest common divisor of 1938 and w?
19
Suppose 4*w = 2*j + 3 + 3, -5*w = -j - 9. Suppose -4*n - x = -w*x - 2069, 4*x = -4*n + 2064. What is the greatest common divisor of n and 11?
11
Suppose 0 = -0*w + 8*w - 3480. Suppose -w = -3*m - 30. Calculate the greatest common factor of m and 54.
27
Let q be ((-72)/(-7))/(49/(4116/24)). Let i(o) = 2*o**2 - 3*o. Let x be i(3). Calculate the highest common factor of q and x.
9
Suppose -2*x - 6 = 0, t + 5*x = 375 + 58. Calculate the greatest common divisor of 252 and t.
28
Let w be 114/9 - 3/(-9). Let i = 37 - w. Let v = 308 - 272. What is the highest common divisor of i and v?
12
Suppose 3*j - 4*a = 97, -4*j = -3*a - 78 - 56. Suppose j*x + 3*o + 162 = 39*x, o = -4*x + 154. What is the highest common divisor of 208 and x?
13
Let c(s) = -s**3 + 4*s**2 + 7*s - 8. Let i be -2 + 1 - 1 - 7*-5. Let p = 37 - i. Let l be c(p). What is the highest common divisor of 140 and l?
20
Suppose -6*o + 2*o - 44146 = -5*i, -o - 4 = 0. Suppose 1698 - i = -18*n. What is the highest common divisor of n and 44?
44
Let m = -155 + 157. Suppose -2 = -m*f + 10. Calculate the greatest common divisor of 102 and f.
6
Let o(x) = 265*x**3 + 1. Let k be o(-1). Let v be (42/8)/((-11)/k). Suppose -21*u - 42 = -24*u. What is the highest common divisor of v and u?
14
Suppose -3*m + 254 = 2*z, -5*z = m - 920 + 311. Calculate the highest common divisor of 253 and z.
11
Suppose -53118 - 28422 = -214*f + 63*f. Calculate the greatest common divisor of f and 420.
60
Suppose 5*p = 3*t + 298 - 59, -3*t - 274 = 2*p. Suppose -i + 70 = -44. Let q = i + t. Calculate the greatest common factor of q and 26.
26
Suppose -51*s = -57*s + 666. Let i = -106 + s. Suppose 0 = -4*n + v + 61, -i*n + 0*v + 73 = 2*v. What is the greatest common divisor of 40 and n?
5
Suppose -2*x - 177 - 485 = -5*a, -5*a - 3*x + 682 = 0. Let p = -124 + a. Suppose 3*n + 588 = p*n. Calculate the greatest common divisor of 12 and n.
12
Let i = 45 - 22. Let n = 3561 - 3354. Calculate the greatest common divisor of n and i.
23
Suppose -3*b = 65 - 89. Suppose 6*p - 52 = b. Calculate the highest common divisor of p and 230.
10
Suppose 0 = 20*u - 2*u - 180. Calculate the highest common factor of 1490 and u.
10
Let n(s) = -192*s - 1359. Let l be n(-8). What is the highest common factor of l and 413?
59
Let